{"id":25,"date":"2023-09-03T09:56:42","date_gmt":"2023-09-03T09:56:42","guid":{"rendered":"https:\/\/www.ipapoznan.pl\/?page_id=25"},"modified":"2025-12-30T16:38:47","modified_gmt":"2025-12-30T16:38:47","slug":"dokumenty","status":"publish","type":"page","link":"https:\/\/www.ipapoznan.pl\/?page_id=25","title":{"rendered":"Dokumenty"},"content":{"rendered":"\n<p><strong>Statut IPA Polska<\/strong><\/p>\n\n\n\n<p><a href=\"https:\/\/ipapolska.pl\/statut-ipa-polska\/\" data-type=\"link\" data-id=\"https:\/\/ipapolska.pl\/statut-ipa-polska\/\">Pobierz<\/a><\/p>\n\n\n\n<h2 class=\"wp-block-heading\">Regulamin dzia\u0142ania SP IPA<\/h2>\n\n\n\n<p><a href=\"https:\/\/ipapolska.pl\/regulamin-dzialania-sp-ipa\/\" data-type=\"link\" data-id=\"https:\/\/ipapolska.pl\/regulamin-dzialania-sp-ipa\/\">Pobierz<\/a><\/p>\n\n\n\n<h2 class=\"wp-block-heading\">Deklaracja cz\u0142onkowska<\/h2>\n\n\n\n<p><a href=\"https:\/\/ipapolska.pl\/deklaracja-czlonkowska\/\" data-type=\"link\" data-id=\"https:\/\/ipapolska.pl\/deklaracja-czlonkowska\/\">Pobierz<\/a><\/p>\n\n\n\n<h2 class=\"wp-block-heading\">Wniosek Zas\u0142u\u017cony Sekcji Polskiej IPA<\/h2>\n\n\n\n<p><a href=\"https:\/\/ipapolska.pl\/wniosek-zasluzony-sekcji-polskiej-ipa\/\" data-type=\"link\" data-id=\"https:\/\/ipapolska.pl\/wniosek-zasluzony-sekcji-polskiej-ipa\/\">Pobierz<\/a><\/p>\n\n\n\n<h2 class=\"wp-block-heading\">Regulamin Komisji Rewizyjnej<\/h2>\n\n\n\n<p><a href=\"https:\/\/ipapolska.pl\/regulamin-komisji-rewizyjnej\/\">Pobierz<\/a><\/p>\n\n\n\n<h2 class=\"wp-block-heading\">Rodo<\/h2>\n\n\n\n<p><a href=\"https:\/\/ipapolska.pl\/rodo\/\" data-type=\"link\" data-id=\"https:\/\/ipapolska.pl\/rodo\/\">Pobierz<\/a><\/p>\n\n\n\n<h2 class=\"wp-block-heading\">Op\u0142aty cz\u0142onkowskie<\/h2>\n\n\n\n<p>SK\u0141ADKA CZ\u0141ONKOWSKA 2024<\/p>\n\n\n\n<p>Mi\u0119dzynarodowe Stowarzyszenie Policji IPA<\/p>\n\n\n\n<p>Region Pozna\u0144<\/p>\n\n\n\n<p>ul. Kochanowskiego 2a\/135<\/p>\n\n\n\n<p>60-844 Pozna\u0144<\/p>\n\n\n\n<p>Konto Bankowe: 38102040270000120203209087<\/p>\n\n\n\n<p>OP\u0141ATA:<\/p>\n\n\n\n<ul class=\"wp-block-list\">\n<li>100 PLN dla kontynuuj\u0105cych cz\u0142onkostwo,<\/li>\n\n\n\n<li>120 PLN dla nowo wst\u0119puj\u0105cych<\/li>\n<\/ul>\n\n\n\n<p>Przewodnicz\u0105cy grupy: Witold Drza\u017cd\u017cy\u0144ski<\/p>\n\n\n\n<p>tel: +48 602 351 260<\/p>\n\n\n\n<p>MSWiA 77 136 64<\/p>\n\n\n\n<p>email: <a href=\"mailto:witold.ipa@wp.pl\">witold.ipa@wp.pl<\/a><\/p>\n","protected":false},"excerpt":{"rendered":"<p>Statut IPA Polska Pobierz Regulamin dzia\u0142ania SP IPA Pobierz Deklaracja cz\u0142onkowska Pobierz Wniosek Zas\u0142u\u017cony Sekcji Polskiej IPA Pobierz Regulamin Komisji Rewizyjnej Pobierz Rodo Pobierz Op\u0142aty cz\u0142onkowskie SK\u0141ADKA CZ\u0141ONKOWSKA 2024 Mi\u0119dzynarodowe Stowarzyszenie Policji IPA Region Pozna\u0144 ul. Kochanowskiego 2a\/135 60-844 Pozna\u0144 Konto Bankowe: 38102040270000120203209087 OP\u0141ATA: Przewodnicz\u0105cy grupy: Witold Drza\u017cd\u017cy\u0144ski tel: +48 602 351 260 MSWiA 77\u2026 <span class=\"read-more\"><a href=\"https:\/\/www.ipapoznan.pl\/?page_id=25\">Dowiedz si\u0119 wi\u0119cej &raquo;<\/a><\/span><\/p>\n","protected":false},"author":1,"featured_media":0,"parent":0,"menu_order":0,"comment_status":"closed","ping_status":"closed","template":"","meta":{"_bbp_topic_count":0,"_bbp_reply_count":0,"_bbp_total_topic_count":0,"_bbp_total_reply_count":0,"_bbp_voice_count":0,"_bbp_anonymous_reply_count":0,"_bbp_topic_count_hidden":0,"_bbp_reply_count_hidden":0,"_bbp_forum_subforum_count":0,"footnotes":""},"class_list":["post-25","page","type-page","status-publish","hentry"],"_links":{"self":[{"href":"https:\/\/www.ipapoznan.pl\/index.php?rest_route=\/wp\/v2\/pages\/25","targetHints":{"allow":["GET"]}}],"collection":[{"href":"https:\/\/www.ipapoznan.pl\/index.php?rest_route=\/wp\/v2\/pages"}],"about":[{"href":"https:\/\/www.ipapoznan.pl\/index.php?rest_route=\/wp\/v2\/types\/page"}],"author":[{"embeddable":true,"href":"https:\/\/www.ipapoznan.pl\/index.php?rest_route=\/wp\/v2\/users\/1"}],"replies":[{"embeddable":true,"href":"https:\/\/www.ipapoznan.pl\/index.php?rest_route=%2Fwp%2Fv2%2Fcomments&post=25"}],"version-history":[{"count":7,"href":"https:\/\/www.ipapoznan.pl\/index.php?rest_route=\/wp\/v2\/pages\/25\/revisions"}],"predecessor-version":[{"id":997,"href":"https:\/\/www.ipapoznan.pl\/index.php?rest_route=\/wp\/v2\/pages\/25\/revisions\/997"}],"wp:attachment":[{"href":"https:\/\/www.ipapoznan.pl\/index.php?rest_route=%2Fwp%2Fv2%2Fmedia&parent=25"}],"curies":[{"name":"wp","href":"https:\/\/api.w.org\/{rel}","templated":true}]}}