{"id":2,"date":"2023-09-01T17:09:42","date_gmt":"2023-09-01T17:09:42","guid":{"rendered":"https:\/\/www.ipapoznan.pl\/?page_id=2"},"modified":"2023-09-15T09:10:45","modified_gmt":"2023-09-15T09:10:45","slug":"sample-page","status":"publish","type":"page","link":"https:\/\/www.ipapoznan.pl\/?page_id=2","title":{"rendered":"Wydarzenia"},"content":{"rendered":"\n<p><strong>XXV Mi\u0119dzynarodowy Turniej Pi\u0142ki No\u017cnej IPA Pozna\u0144 2023 \u2013 PODSUMOWANIE !<\/strong><\/p>\n\n\n\n<p>Ju\u017c po raz 25 Region IPA Pozna\u0144 Mi\u0119dzynarodowego Stowarzyszenia Policji \u2013 Sekcja Polska&nbsp; w dniach 24-27.08.2023 r. by\u0142 gospodarzem Mi\u0119dzynarodowego Turnieju Pi\u0142ki No\u017cnej.<\/p>\n\n\n\n<p>25 lat temu ide\u0105 organizator\u00f3w&nbsp; tego\u017c przedsi\u0119wzi\u0119cia by\u0142o skonsolidowanie wszystkich s\u0142u\u017cb mundurowych poprzez przyjazn\u0105 rywalizacj\u0119 sportow\u0105. I to si\u0119 uda\u0142o, sportowe przyja\u017anie trwaj\u0105 ju\u017c \u0107wier\u0107 wieku.<\/p>\n\n\n\n<p>W jubileuszowej&nbsp; edycji rozgrywek wzi\u0119\u0142o udzia\u0142 20 reprezentacji s\u0142u\u017cb mundurowych tj. Policji, Wojska Polskiego, Stra\u017cy Miejskiej, Pa\u0144stwowej Stra\u017cy Po\u017carnej, S\u0142u\u017cby Kontrwywiadu Wojskowego oraz&nbsp; Krajowej Administracji Skarbowej. Miejscem rozgrywek by\u0142 perfekcyjnie przygotowany stadion POSIR na pozna\u0144skim Gol\u0119cinie. W tym roku go\u015bcili\u015bmy tak\u017ce dru\u017cyny IPA Debreczyn z W\u0119gier oraz reprezentacj\u0119 IPA Mo\u0142dawia.<\/p>\n\n\n\n<p>U\u015bwietnieniem i nadaniem odpowiedniej rangi tego\u017c przedsi\u0119wzi\u0119cia by\u0142o obj\u0119cie Patronatem&nbsp; Honorowym przez :<\/p>\n\n\n\n<p>Komendanta Wojew\u00f3dzkiego &nbsp;Policji w Poznaniu nadinsp. Piotra M\u0105k\u0119<\/p>\n\n\n\n<p>Marsza\u0142ka Wojew\u00f3dztwa Wielkopolskiego Marka Wo\u017aniaka<\/p>\n\n\n\n<p>Starost\u0119 Pozna\u0144skiego Jana Grabkowskiego<\/p>\n\n\n\n<p>Prezydenta Miasta Poznania Jacka Ja\u015bkowiaka<\/p>\n\n\n\n<p>Prezydenta Sekcji Polskiej IPA Piotra W\u00f3jcika<\/p>\n\n\n\n<!--nextpage-->\n\n\n\n<p>W pi\u0105tkowe przedpo\u0142udnie odby\u0142o si\u0119 uroczyste, bo jubileuszowe, otwarcie Turnieju. Dokona\u0142 tego Przewodnicz\u0105cy Regionu IPA Pozna\u0144 kol. Witold Drza\u017cd\u017cy\u0144ski w obecno\u015bci zaproszonych go\u015bci. Nie zabrak\u0142o te\u017c strony s\u0142u\u017cbowej Wielkopolskiej Policji w osobie Zast\u0119pcy Komendanta Wojew\u00f3dzkiego Policji w Poznaniu insp. Mariusza Wi\u015bniewskiego.<\/p>\n\n\n\n<p>Rozpocz\u0119\u0142y si\u0119 mecze grupowe, kt\u00f3re wy\u0142oni\u0142y 12 zespo\u0142\u00f3w przechodz\u0105cych do sobotnich rozgrywek pi\u0142karskich. Ju\u017c w tym dniu uczestnicy podkre\u015blali wysoki poziom dru\u017cyn startuj\u0105cych w rozgrywkach, &nbsp;a zawodnicy zostawili na boiskach du\u017co potu. Zaraz po zako\u0144czonych meczach Przewodnicz\u0105cy Regionu IPA Pozna\u0144 wsp\u00f3lnie z reprezentantami Sekcji Polskiej IPA oraz cz\u0142onkami komitetu organizacyjnego wr\u0119czy\u0142 puchary dru\u017cynom od miejsca 13 do 20.<\/p>\n\n\n\n<p>Sobota do dalsze mecze grupowe o miejsca 5-12. Do walki o czo\u0142owe 4 miejsca w Turnieju stan\u0119\u0142y zespo\u0142y:<\/p>\n\n\n\n<p><strong>IPA Pozna\u0144<\/strong><\/p>\n\n\n\n<p><strong>2 Skrzyd\u0142o Lotnictwa Taktycznego<\/strong><\/p>\n\n\n\n<p><strong>31 Baza Lotnictwa Taktycznego<\/strong><\/p>\n\n\n\n<p><strong>Reprezentacja Krajowej Administracji Skarbowej.<\/strong><\/p>\n\n\n\n<p>W meczu o III miejsce lepsza okaza\u0142a si\u0119 dru\u017cyna 31 Bazy Lotnictwa Taktycznego, tak wi\u0119c &nbsp;IV miejsce przypad\u0142o dru\u017cynie IPA Pozna\u0144 \u2013 gospodarzom Turnieju.<\/p>\n\n\n\n<p>Fina\u0142 to zaci\u0119ta walka pomi\u0119dzy dru\u017cynami 2 Skrzyd\u0142a Lotnictwa Taktycznego z Poznania a reprezentacj\u0105 Krajowej Administracji Skarbowej. Mecz zako\u0144czy\u0142 si\u0119 wynikiem&nbsp; 3 do 2 dla reprezentacji 2 Skrzyd\u0142a Lotnictwa Taktycznego z Poznania !!!<\/p>\n\n\n\n<p>Gratulacje dla zwyci\u0119zc\u00f3w oraz wszystkich dru\u017cyn bior\u0105cych udzia\u0142 w rozgrywkach !!!<\/p>\n\n\n\n<p>Po zako\u0144czonych meczach nast\u0105pi\u0142o wr\u0119czenie puchar\u00f3w i medali oraz drobnych pami\u0105tkowych upomink\u00f3w dla pierwszych czterech dru\u017cyn. Oczywi\u015bcie nie mog\u0142o oby\u0107 si\u0119 bez wr\u0119czenia wyr\u00f3\u017cnie\u0144 indywidualnych dla Najlepszego Strzelca i &nbsp;Bramkarza Turnieju oraz Dru\u017cyny Fair Play.<\/p>\n\n\n\n<p>Puchar Fair Play Turnieju trafi\u0142 w r\u0119ce zawodnik\u00f3w NSZZP@IPA Pi\u0142a !<\/p>\n\n\n\n<p>Tytu\u0142 Najlepszego Strzelca Turnieju wraz z nagrod\u0105 rzeczow\u0105 zdoby\u0142 reprezentant 2 Skrzyd\u0142a Lotnictwa Taktycznego \u2013 Jakub Nowak<\/p>\n\n\n\n<p>Tytu\u0142 Najlepszego Bramkarz Turnieju oraz nagrod\u0119 rzeczow\u0105 otrzyma\u0142 reprezentant&nbsp; Krajowej Administracji Skarbowej&nbsp; Adam Ciulkin.<\/p>\n\n\n\n<p>Ka\u017cda&nbsp; dru\u017cyna&nbsp; otrzyma\u0142a pami\u0105tkowy puchar.<\/p>\n\n\n\n<p><strong>Ko\u0144cowa klasyfikacja Turnieju:<\/strong><\/p>\n\n\n\n<p>I miejsce \u2013 2 Skrzyd\u0142o Lotnictwa Taktycznego<\/p>\n\n\n\n<p>II miejsce \u2013 Krajowa Administracja Skarbowa<\/p>\n\n\n\n<p>III miejsce \u2013 31 Baza Lotnictwa Taktycznego<\/p>\n\n\n\n<p>IV miejsce \u2013 IPA Pozna\u0144<\/p>\n\n\n\n<p>V miejsce \u2013 Or\u0142y Jarocin<\/p>\n\n\n\n<p>VI miejsce \u2013 IPA Gniezno<\/p>\n\n\n\n<p>VII miejsce \u2013 S\u0142u\u017cba Kontrwywiadu Wojskowego<\/p>\n\n\n\n<p>VIII miejsce \u2013 KP Pozna\u0144 Nowe Miasto<\/p>\n\n\n\n<p>IX miejsce \u2013 Wydzia\u0142 Konwojowy KWP Pozna\u0144<\/p>\n\n\n\n<p>X miejsce \u2013 NSZZP@IPA Pi\u0142a<\/p>\n\n\n\n<p>XI miejsce \u2013 OPP Pozna\u0144<\/p>\n\n\n\n<p>XII miejsce \u2013 IPA Debreczyn<\/p>\n\n\n\n<p>XIII miejsce \u2013 KPP K\u0119pno<\/p>\n\n\n\n<p>XIV miejsce \u2013 PSP Wolsztyn<\/p>\n\n\n\n<p>XV miejsce \u2013 IPA Mo\u0142dawia<\/p>\n\n\n\n<p>XVI miejsce \u2013KP Pozna\u0144 P\u00f3\u0142noc<\/p>\n\n\n\n<p>XVII miejsce \u2013&nbsp; WK KMP Pozna\u0144<\/p>\n\n\n\n<p>XVIII miejsce \u2013 NSZZFSG Pozna\u0144 \u0141awica<\/p>\n\n\n\n<p>XIX miejsce \u2013 Stra\u017c Miejska Pozna\u0144<\/p>\n\n\n\n<p>XX miejsce \u2013 KMP Pozna\u0144<\/p>\n\n\n\n<p>Jeszcze raz gratulujemy wszystkim uczestnikom sportowej rywalizacji i do zobaczenia za rok na XXVI Turnieju.<\/p>\n\n\n\n<p>W tym miejscu sk\u0142adamy podzi\u0119kowania&nbsp; cz\u0142onkom Komitetu Organizacyjnego Regionu IPA Pozna\u0144 za w\u0142o\u017cony trud w przygotowanie i przeprowadzenie rozgrywek pi\u0142karskich. Szczeg\u00f3lne podzi\u0119kowanie kieruj\u0119 na r\u0119ce Micha\u0142a Bartkowiaka, Bo\u017ceny Nowickiej, Hanny Wachowiak, Piotra Szymurskiego, , Kazimierza Wylega\u0142y, Jaros\u0142awa G\u0142uchego, Huberta Ko\u0142ackiego, Rados\u0142awa Borowczyka, Romualda Jask\u00f3lskiego,&nbsp; Krzysztofa Sobczaka i wielu innym.<\/p>\n\n\n\n<p>Dzi\u0119kuj\u0119 r\u00f3wnie\u017c za wsparcie ze strony Starostwa Powiatowego w Poznaniu,&nbsp; Zarz\u0105du Wojew\u00f3dzkiego NSZZP woj. wielkopolskiego oraz Zarz\u0105du KZ KKOP przy KWP w Poznaniu.&nbsp; S\u0142owa podzi\u0119kowania kieruj\u0119 r\u00f3wnie\u017c na r\u0119ce Prezesa Wielkopolskiego Zwi\u0105zku Pi\u0142ki No\u017cnej w Poznaniu za pomoc sportow\u0105 w organizacji rozgrywek a w szczeg\u00f3lno\u015bci za obsad\u0119 s\u0119dziowsk\u0105.<\/p>\n\n\n\n<p>Nasz Turniej nie m\u00f3g\u0142 si\u0119 odby\u0107 dzi\u0119ki pomocy naszych cz\u0142onk\u00f3w zas\u0142u\u017conych oraz instytucji i firm na co dzie\u0144 wsp\u00f3\u0142pracuj\u0105cych z Regionem IPA Pozna\u0144. Gor\u0105ce podzi\u0119kowania kierujemy do Fundacji ENEA z Poznania, ENEA S.A, Firmy HAGER w K\u00f3rniku, APART Suchy Las, Panepol Wysogotowo, DECORA w \u015arodzie Wlkp., Firmy HTI Pozna\u0144, Cichy \u2013 Zasada z Poznania, Mat-Bet \u2013 Pozna\u0144, Blue \u2013 Holding Pozna\u0144, Automobilklub Wielkopolski, \u017bABKA Polska, SKK Rail sp. z o.o Pozna\u0144, ZM Mielczarek Komorniki, Soko\u0142\u00f3w SA, Sk\u0142ady Budowlane WESO\u0141EK, Polkomtel sp. z o.o.- Operator telefonii kom\u00f3rkowej Plus. Jeronimo Martins Polska S.A. i wielu inny. Jeszcze raz serdecznie dzi\u0119kujemy za pomoc!<\/p>\n\n\n\n<figure class=\"wp-block-image size-full\"><img loading=\"lazy\" decoding=\"async\" width=\"1024\" height=\"717\" src=\"https:\/\/www.ipapoznan.pl\/wp-content\/uploads\/2023\/09\/TABLO-21x30-1-1024x717-1.jpg\" alt=\"\" class=\"wp-image-163\" srcset=\"https:\/\/www.ipapoznan.pl\/wp-content\/uploads\/2023\/09\/TABLO-21x30-1-1024x717-1.jpg 1024w, https:\/\/www.ipapoznan.pl\/wp-content\/uploads\/2023\/09\/TABLO-21x30-1-1024x717-1-300x210.jpg 300w, https:\/\/www.ipapoznan.pl\/wp-content\/uploads\/2023\/09\/TABLO-21x30-1-1024x717-1-768x538.jpg 768w\" sizes=\"auto, (max-width: 1024px) 100vw, 1024px\" \/><\/figure>\n\n\n\n<p>Witold Drza\u017cd\u017cy\u0144ski<\/p>\n\n\n\n<p>Region IPA Pozna\u0144<\/p>\n","protected":false},"excerpt":{"rendered":"<p>XXV Mi\u0119dzynarodowy Turniej Pi\u0142ki No\u017cnej IPA Pozna\u0144 2023 \u2013 PODSUMOWANIE ! Ju\u017c po raz 25 Region IPA Pozna\u0144 Mi\u0119dzynarodowego Stowarzyszenia Policji \u2013 Sekcja Polska&nbsp; w dniach 24-27.08.2023 r. by\u0142 gospodarzem Mi\u0119dzynarodowego Turnieju Pi\u0142ki No\u017cnej. 25 lat temu ide\u0105 organizator\u00f3w&nbsp; tego\u017c przedsi\u0119wzi\u0119cia by\u0142o skonsolidowanie wszystkich s\u0142u\u017cb mundurowych poprzez przyjazn\u0105 rywalizacj\u0119 sportow\u0105. I to si\u0119 uda\u0142o, sportowe\u2026 <span class=\"read-more\"><a href=\"https:\/\/www.ipapoznan.pl\/?page_id=2\">Dowiedz si\u0119 wi\u0119cej &raquo;<\/a><\/span><\/p>\n","protected":false},"author":1,"featured_media":0,"parent":0,"menu_order":0,"comment_status":"closed","ping_status":"open","template":"","meta":{"_bbp_topic_count":0,"_bbp_reply_count":0,"_bbp_total_topic_count":0,"_bbp_total_reply_count":0,"_bbp_voice_count":0,"_bbp_anonymous_reply_count":0,"_bbp_topic_count_hidden":0,"_bbp_reply_count_hidden":0,"_bbp_forum_subforum_count":0,"footnotes":""},"class_list":["post-2","page","type-page","status-publish","hentry"],"_links":{"self":[{"href":"https:\/\/www.ipapoznan.pl\/index.php?rest_route=\/wp\/v2\/pages\/2","targetHints":{"allow":["GET"]}}],"collection":[{"href":"https:\/\/www.ipapoznan.pl\/index.php?rest_route=\/wp\/v2\/pages"}],"about":[{"href":"https:\/\/www.ipapoznan.pl\/index.php?rest_route=\/wp\/v2\/types\/page"}],"author":[{"embeddable":true,"href":"https:\/\/www.ipapoznan.pl\/index.php?rest_route=\/wp\/v2\/users\/1"}],"replies":[{"embeddable":true,"href":"https:\/\/www.ipapoznan.pl\/index.php?rest_route=%2Fwp%2Fv2%2Fcomments&post=2"}],"version-history":[{"count":12,"href":"https:\/\/www.ipapoznan.pl\/index.php?rest_route=\/wp\/v2\/pages\/2\/revisions"}],"predecessor-version":[{"id":365,"href":"https:\/\/www.ipapoznan.pl\/index.php?rest_route=\/wp\/v2\/pages\/2\/revisions\/365"}],"wp:attachment":[{"href":"https:\/\/www.ipapoznan.pl\/index.php?rest_route=%2Fwp%2Fv2%2Fmedia&parent=2"}],"curies":[{"name":"wp","href":"https:\/\/api.w.org\/{rel}","templated":true}]}}

<p><strong>XXV Międzynarodowy Turniej Piłki Nożnej IPA Poznań 2023 – PODSUMOWANIE !</strong></p>



<p>Już po raz 25 Region IPA Poznań Międzynarodowego Stowarzyszenia Policji – Sekcja Polska&nbsp; w dniach 24-27.08.2023 r. był gospodarzem Międzynarodowego Turnieju Piłki Nożnej.</p>



<p>25 lat temu ideą organizatorów&nbsp; tegoż przedsięwzięcia było skonsolidowanie wszystkich służb mundurowych poprzez przyjazną rywalizację sportową. I to się udało, sportowe przyjaźnie trwają już ćwierć wieku.</p>



<p>W jubileuszowej&nbsp; edycji rozgrywek wzięło udział 20 reprezentacji służb mundurowych tj. Policji, Wojska Polskiego, Straży Miejskiej, Państwowej Straży Pożarnej, Służby Kontrwywiadu Wojskowego oraz&nbsp; Krajowej Administracji Skarbowej. Miejscem rozgrywek był perfekcyjnie przygotowany stadion POSIR na poznańskim Golęcinie. W tym roku gościliśmy także drużyny IPA Debreczyn z Węgier oraz reprezentację IPA Mołdawia.</p>



<p>Uświetnieniem i nadaniem odpowiedniej rangi tegoż przedsięwzięcia było objęcie Patronatem&nbsp; Honorowym przez :</p>



<p>Komendanta Wojewódzkiego &nbsp;Policji w Poznaniu nadinsp. Piotra Mąkę</p>



<p>Marszałka Województwa Wielkopolskiego Marka Woźniaka</p>



<p>Starostę Poznańskiego Jana Grabkowskiego</p>



<p>Prezydenta Miasta Poznania Jacka Jaśkowiaka</p>



<p>Prezydenta Sekcji Polskiej IPA Piotra Wójcika</p>



<!--nextpage-->



<p>W piątkowe przedpołudnie odbyło się uroczyste, bo jubileuszowe, otwarcie Turnieju. Dokonał tego Przewodniczący Regionu IPA Poznań kol. Witold Drzażdżyński w obecności zaproszonych gości. Nie zabrakło też strony służbowej Wielkopolskiej Policji w osobie Zastępcy Komendanta Wojewódzkiego Policji w Poznaniu insp. Mariusza Wiśniewskiego.</p>



<p>Rozpoczęły się mecze grupowe, które wyłoniły 12 zespołów przechodzących do sobotnich rozgrywek piłkarskich. Już w tym dniu uczestnicy podkreślali wysoki poziom drużyn startujących w rozgrywkach, &nbsp;a zawodnicy zostawili na boiskach dużo potu. Zaraz po zakończonych meczach Przewodniczący Regionu IPA Poznań wspólnie z reprezentantami Sekcji Polskiej IPA oraz członkami komitetu organizacyjnego wręczył puchary drużynom od miejsca 13 do 20.</p>



<p>Sobota do dalsze mecze grupowe o miejsca 5-12. Do walki o czołowe 4 miejsca w Turnieju stanęły zespoły:</p>



<p><strong>IPA Poznań</strong></p>



<p><strong>2 Skrzydło Lotnictwa Taktycznego</strong></p>



<p><strong>31 Baza Lotnictwa Taktycznego</strong></p>



<p><strong>Reprezentacja Krajowej Administracji Skarbowej.</strong></p>



<p>W meczu o III miejsce lepsza okazała się drużyna 31 Bazy Lotnictwa Taktycznego, tak więc &nbsp;IV miejsce przypadło drużynie IPA Poznań – gospodarzom Turnieju.</p>



<p>Finał to zacięta walka pomiędzy drużynami 2 Skrzydła Lotnictwa Taktycznego z Poznania a reprezentacją Krajowej Administracji Skarbowej. Mecz zakończył się wynikiem&nbsp; 3 do 2 dla reprezentacji 2 Skrzydła Lotnictwa Taktycznego z Poznania !!!</p>



<p>Gratulacje dla zwycięzców oraz wszystkich drużyn biorących udział w rozgrywkach !!!</p>



<p>Po zakończonych meczach nastąpiło wręczenie pucharów i medali oraz drobnych pamiątkowych upominków dla pierwszych czterech drużyn. Oczywiście nie mogło obyć się bez wręczenia wyróżnień indywidualnych dla Najlepszego Strzelca i &nbsp;Bramkarza Turnieju oraz Drużyny Fair Play.</p>



<p>Puchar Fair Play Turnieju trafił w ręce zawodników NSZZP@IPA Piła !</p>



<p>Tytuł Najlepszego Strzelca Turnieju wraz z nagrodą rzeczową zdobył reprezentant 2 Skrzydła Lotnictwa Taktycznego – Jakub Nowak</p>



<p>Tytuł Najlepszego Bramkarz Turnieju oraz nagrodę rzeczową otrzymał reprezentant&nbsp; Krajowej Administracji Skarbowej&nbsp; Adam Ciulkin.</p>



<p>Każda&nbsp; drużyna&nbsp; otrzymała pamiątkowy puchar.</p>



<p><strong>Końcowa klasyfikacja Turnieju:</strong></p>



<p>I miejsce – 2 Skrzydło Lotnictwa Taktycznego</p>



<p>II miejsce – Krajowa Administracja Skarbowa</p>



<p>III miejsce – 31 Baza Lotnictwa Taktycznego</p>



<p>IV miejsce – IPA Poznań</p>



<p>V miejsce – Orły Jarocin</p>



<p>VI miejsce – IPA Gniezno</p>



<p>VII miejsce – Służba Kontrwywiadu Wojskowego</p>



<p>VIII miejsce – KP Poznań Nowe Miasto</p>



<p>IX miejsce – Wydział Konwojowy KWP Poznań</p>



<p>X miejsce – NSZZP@IPA Piła</p>



<p>XI miejsce – OPP Poznań</p>



<p>XII miejsce – IPA Debreczyn</p>



<p>XIII miejsce – KPP Kępno</p>



<p>XIV miejsce – PSP Wolsztyn</p>



<p>XV miejsce – IPA Mołdawia</p>



<p>XVI miejsce –KP Poznań Północ</p>



<p>XVII miejsce –&nbsp; WK KMP Poznań</p>



<p>XVIII miejsce – NSZZFSG Poznań Ławica</p>



<p>XIX miejsce – Straż Miejska Poznań</p>



<p>XX miejsce – KMP Poznań</p>



<p>Jeszcze raz gratulujemy wszystkim uczestnikom sportowej rywalizacji i do zobaczenia za rok na XXVI Turnieju.</p>



<p>W tym miejscu składamy podziękowania&nbsp; członkom Komitetu Organizacyjnego Regionu IPA Poznań za włożony trud w przygotowanie i przeprowadzenie rozgrywek piłkarskich. Szczególne podziękowanie kieruję na ręce Michała Bartkowiaka, Bożeny Nowickiej, Hanny Wachowiak, Piotra Szymurskiego, , Kazimierza Wylegały, Jarosława Głuchego, Huberta Kołackiego, Radosława Borowczyka, Romualda Jaskólskiego,&nbsp; Krzysztofa Sobczaka i wielu innym.</p>



<p>Dziękuję również za wsparcie ze strony Starostwa Powiatowego w Poznaniu,&nbsp; Zarządu Wojewódzkiego NSZZP woj. wielkopolskiego oraz Zarządu KZ KKOP przy KWP w Poznaniu.&nbsp; Słowa podziękowania kieruję również na ręce Prezesa Wielkopolskiego Związku Piłki Nożnej w Poznaniu za pomoc sportową w organizacji rozgrywek a w szczególności za obsadę sędziowską.</p>



<p>Nasz Turniej nie mógł się odbyć dzięki pomocy naszych członków zasłużonych oraz instytucji i firm na co dzień współpracujących z Regionem IPA Poznań. Gorące podziękowania kierujemy do Fundacji ENEA z Poznania, ENEA S.A, Firmy HAGER w Kórniku, APART Suchy Las, Panepol Wysogotowo, DECORA w Środzie Wlkp., Firmy HTI Poznań, Cichy – Zasada z Poznania, Mat-Bet – Poznań, Blue – Holding Poznań, Automobilklub Wielkopolski, ŻABKA Polska, SKK Rail sp. z o.o Poznań, ZM Mielczarek Komorniki, Sokołów SA, Składy Budowlane WESOŁEK, Polkomtel sp. z o.o.- Operator telefonii komórkowej Plus. Jeronimo Martins Polska S.A. i wielu inny. Jeszcze raz serdecznie dziękujemy za pomoc!</p>



<figure class="wp-block-image size-full"><img loading="lazy" decoding="async" width="1024" height="717" src="https://www.ipapoznan.pl/wp-content/uploads/2023/09/TABLO-21x30-1-1024x717-1.jpg" alt="" class="wp-image-163" srcset="https://www.ipapoznan.pl/wp-content/uploads/2023/09/TABLO-21x30-1-1024x717-1.jpg 1024w, https://www.ipapoznan.pl/wp-content/uploads/2023/09/TABLO-21x30-1-1024x717-1-300x210.jpg 300w, https://www.ipapoznan.pl/wp-content/uploads/2023/09/TABLO-21x30-1-1024x717-1-768x538.jpg 768w" sizes="auto, (max-width: 1024px) 100vw, 1024px" /></figure>



<p>Witold Drzażdżyński</p>



<p>Region IPA Poznań</p>

<p>XXV Międzynarodowy Turniej Piłki Nożnej IPA Poznań 2023 – PODSUMOWANIE ! Już po raz 25 Region IPA Poznań Międzynarodowego Stowarzyszenia Policji – Sekcja Polska&nbsp; w dniach 24-27.08.2023 r. był gospodarzem Międzynarodowego Turnieju Piłki Nożnej. 25 lat temu ideą organizatorów&nbsp; tegoż przedsięwzięcia było skonsolidowanie wszystkich służb mundurowych poprzez przyjazną rywalizację sportową. I to się udało, sportowe… <span class="read-more"><a href="https://www.ipapoznan.pl/?page_id=2">Dowiedz się więcej &raquo;</a></span></p>
